or of 9 and 531.
9
Calculate the greatest common divisor of 146 and 20367.
73
What is the greatest common factor of 1456 and 336?
112
What is the greatest common factor of 492 and 36?
12
What is the greatest common divisor of 763 and 436?
109
What is the greatest common divisor of 190 and 1558?
38
What is the highest common factor of 4671 and 27?
27
What is the highest common divisor of 11 and 83?
1
What is the highest common divisor of 4753 and 291?
97
What is the greatest common divisor of 364 and 7?
7
What is the highest common divisor of 52 and 4?
4
What is the greatest common factor of 18 and 50130?
18
Calculate the highest common factor of 558 and 1278.
18
What is the highest common factor of 29 and 4?
1
Calculate the highest common divisor of 360 and 40.
40
Calculate the highest common divisor of 1003 and 17.
17
What is the highest common divisor of 238 and 2686?
34
Calculate the greatest common divisor of 21 and 189.
21
What is the highest common factor of 319 and 22?
11
Calculate the highest common divisor of 177 and 1711.
59
Calculate the highest common divisor of 52 and 39.
13
Calculate the greatest common factor of 2451 and 57.
57
What is the greatest common divisor of 48528 and 24?
24
What is the greatest common divisor of 1335 and 30?
15
Calculate the highest common factor of 4169 and 22.
11
Calculate the highest common divisor of 380 and 1470.
10
What is the highest common factor of 130 and 325?
65
What is the highest common divisor of 116 and 11542?
58
Calculate the highest common divisor of 67 and 67.
67
Calculate the greatest common factor of 20276 and 740.
148
Calculate the highest common factor of 11 and 704.
11
What is the greatest common factor of 95 and 817?
19
Calculate the highest common factor of 13 and 1469.
13
What is the highest common divisor of 75 and 45?
15
What is the greatest common divisor of 90 and 342?
18
Calculate the highest common factor of 28 and 630.
14
What is the greatest common factor of 671 and 61?
61
Calculate the greatest common factor of 63 and 17451.
63
Calculate the highest common factor of 24 and 40.
8
What is the greatest common divisor of 47 and 329?
47
Calculate the greatest common divisor of 192 and 320.
64
What is the highest common divisor of 114 and 1596?
114
Calculate the highest common divisor of 150 and 710.
10
Calculate the greatest common factor of 66 and 21813.
33
What is the highest common divisor of 112 and 5600?
112
Calculate the greatest common factor of 252 and 364.
28
Calculate the greatest common factor of 4671 and 27.
27
What is the greatest common factor of 13188 and 24?
12
Calculate the greatest common factor of 77 and 21.
7
What is the greatest common factor of 155 and 12958?
31
What is the highest common divisor of 7279 and 29?
29
What is the highest common factor of 3425 and 175?
25
Calculate the greatest common divisor of 33539 and 11.
11
Calculate the greatest common divisor of 1309 and 77.
77
What is the greatest common divisor of 783 and 29?
29
Calculate the greatest common factor of 390 and 510.
30
Calculate the greatest common divisor of 3032 and 8.
8
Calculate the greatest common divisor of 820 and 492.
164
What is the greatest common divisor of 32 and 976?
16
What is the highest common factor of 11 and 6743?
11
Calculate the greatest common factor of 78 and 429.
39
Calculate the greatest common divisor of 38 and 152.
38
Calculate the greatest common factor of 18 and 114.
6
Calculate the greatest common divisor of 252 and 396.
36
What is the greatest common divisor of 41 and 328?
41
Calculate the highest common factor of 130 and 29510.
130
What is the highest common factor of 6 and 144?
6
What is the highest common factor of 51 and 68?
17
Calculate the greatest common divisor of 672 and 84.
84
Calculate the greatest common factor of 99 and 11.
11
What is the highest common factor of 1304 and 16?
8
Calculate the highest common factor of 987 and 399.
21
Calculate the greatest common divisor of 28 and 18.
2
What is the highest common factor of 16 and 26512?
16
Calculate the highest common divisor of 55 and 495.
55
What is the greatest common divisor of 272 and 7650?
34
Calculate the greatest common factor of 225 and 36.
9
Calculate the greatest common divisor of 48 and 11892.
12
What is the highest common factor of 22 and 3091?
11
What is the greatest common factor of 12650 and 3542?
506
Calculate the highest common divisor of 120 and 15.
15
Calculate the greatest common divisor of 497 and 14.
7
Calculate the greatest common factor of 14 and 5.
1
Calculate the highest common divisor of 650 and 2730.
130
Calculate the highest common factor of 54 and 81.
27
Calculate the highest common factor of 90 and 90.
90
What is the greatest common factor of 45 and 1845?
45
Calculate the highest common factor of 2379 and 39.
39
What is the greatest common divisor of 6 and 141?
3
Calculate the greatest common divisor of 45 and 720.
45
Calculate the greatest common divisor of 393 and 6.
3
Calculate the highest common divisor of 3 and 36.
3
What is the highest common divisor of 1265 and 220?
55
Calculate the highest common divisor of 670 and 10.
10
What is the greatest common divisor of 18 and 1086?
6
What is the greatest common divisor of 527 and 186?
31
Calculate the highest common divisor of 4487 and 7.
7
Calculate the greatest common divisor of 954 and 212.
106
Calculate the highest common factor of 10 and 2.
2
What is the highest common divisor of 224 and 168?
56
Calculate the greatest common factor of 1030 and 20.
10
What is the greatest common factor of 68 and 8?
4
Calculate the greatest common divisor of 1333 and 31.
31
What is the highest common divisor of 136 and 782?
34
Calculate the highest common divisor of 235 and 5.
5
Calculate the greatest common factor of 139 and 37391.
139
Calculate the greatest common divisor of 180 and 495.
45
What is the highest common divisor of 551 and 456?
19
Calculate the greatest common divisor of 195 and 338.
13
Calculate the greatest common divisor of 117 and 39.
39
What is the highest common divisor of 611 and 169?
13
What is the greatest common divisor of 5251 and 356?
89
What is the greatest common factor of 77 and 28?
7
What is the highest common factor of 551 and 1827?
29
What is the greatest common divisor of 15 and 195?
15
What is the highest common divisor of 2230 and 3?
1
Calculate the greatest common divisor of 23 and 1978.
23
What is the highest common divisor of 414 and 92?
46
Calculate the greatest common factor of 80 and 64.
16
Calculate the greatest common divisor of 4410 and 45.
45
Calculate the highest common divisor of 252 and 117.
9
What is the greatest common factor of 558 and 36?
18
Calculate the highest common factor of 720 and 32.
16
What is the greatest common factor of 60 and 768?
12
What is the highest common factor of 869 and 79?
79
Calculate the highest common factor of 1812 and 4.
4
Calculate the highest common factor of 25 and 175.
25
Calculate the highest common divisor of 11 and 6721.
11
Calculate the greatest common factor of 210 and 1302.
42
What is the highest common factor of 722 and 342?
38
What is the greatest common divisor of 15 and 105?
15
Calculate the highest common factor of 68 and 8908.
68
What is the highest common divisor of 66 and 114?
6
What is the greatest common divisor of 176 and 128?
16
Calculate the highest common factor of 90 and 495.
45
What is the greatest common factor of 730 and 40?
10
Calculate the greatest common factor of 86 and 817.
43
What is the greatest common divisor of 72 and 408?
24
Calculate the highest common divisor of 1320 and 1920.
120
Calculate the highest common divisor of 2690 and 20.
10
Calculate the greatest common factor of 39 and 39.
39
Calculate the highest common factor of 2610 and 360.
90
What is the highest common factor of 3471 and 39?
39
What is the highest common factor of 8 and 136?
8
What is the greatest common divisor of 791 and 226?
113
What is the highest common factor of 8 and 58?
2
Calculate the greatest common divisor of 16 and 24.
8
Calculate the highest common divisor of 93 and 248.
31
What is the highest common factor of 197 and 8471?
197
What is the greatest common divisor of 779 and 38?
19
What is the greatest common divisor of 115